ors of 14600941.
257, 56813
List the prime factors of 200167.
11, 31, 587
List the prime factors of 11313723.
3, 23, 7129
List the prime factors of 632559.
3, 210853
What are the prime factors of 709664?
2, 67, 331
List the prime factors of 7334944.
2, 229217
What are the prime factors of 24018403?
1451, 16553
List the prime factors of 8487465.
3, 5, 7, 80833
What are the prime factors of 105977?
105977
What are the prime factors of 15621931?
13, 1201687
What are the prime factors of 65392?
2, 61, 67
List the prime factors of 1645152.
2, 3, 17137
List the prime factors of 288837.
3, 67, 479
What are the prime factors of 237004?
2, 193, 307
List the prime factors of 198930.
2, 3, 5, 19, 349
What are the prime factors of 129525?
3, 5, 11, 157
What are the prime factors of 107436?
2, 3, 7, 1279
List the prime factors of 280489.
11, 43, 593
List the prime factors of 45405.
3, 5, 1009
What are the prime factors of 16985?
5, 43, 79
What are the prime factors of 914274?
2, 3, 16931
What are the prime factors of 26852110?
2, 5, 2685211
What are the prime factors of 213727?
213727
List the prime factors of 263003.
13, 20231
List the prime factors of 4598677.
4598677
List the prime factors of 1212291.
3, 134699
What are the prime factors of 652601?
652601
List the prime factors of 4058943.
3, 7, 193283
What are the prime factors of 30684?
2, 3, 2557
List the prime factors of 847941.
3, 23, 12289
What are the prime factors of 2693383?
7, 11, 19, 263
What are the prime factors of 15207212?
2, 3801803
What are the prime factors of 1190806?
2, 19, 31337
List the prime factors of 3001249.
73, 41113
List the prime factors of 485203.
19, 25537
What are the prime factors of 14086451?
14086451
What are the prime factors of 1118159?
7, 159737
What are the prime factors of 3535916?
2, 883979
List the prime factors of 19828095.
3, 5, 7, 53, 509
What are the prime factors of 9484744?
2, 73, 109, 149
List the prime factors of 2663672.
2, 11, 30269
What are the prime factors of 6048912?
2, 3, 126019
List the prime factors of 2374445.
5, 31, 15319
What are the prime factors of 2167916?
2, 41, 13219
List the prime factors of 418279.
418279
List the prime factors of 238617.
3, 26513
What are the prime factors of 4914049?
7, 702007
List the prime factors of 1432391.
19, 75389
List the prime factors of 586626.
2, 3, 97771
What are the prime factors of 4902324?
2, 3, 7, 17, 3433
What are the prime factors of 6921178?
2, 11, 314599
What are the prime factors of 6855358?
2, 263, 13033
List the prime factors of 2265693.
3, 19, 39749
What are the prime factors of 800845?
5, 160169
List the prime factors of 5706282.
2, 3, 951047
List the prime factors of 726790.
2, 5, 72679
List the prime factors of 670191.
3, 17, 773
What are the prime factors of 5063862?
2, 3, 71, 11887
List the prime factors of 1339405.
5, 19, 23, 613
What are the prime factors of 369088?
2, 73, 79
What are the prime factors of 5248775?
5, 7, 89, 337
List the prime factors of 3457354.
2, 19, 37, 2459
What are the prime factors of 967136?
2, 30223
What are the prime factors of 1209059?
71, 17029
What are the prime factors of 4414636?
2, 151, 7309
List the prime factors of 1455169.
311, 4679
List the prime factors of 18301611.
3, 73, 193, 433
What are the prime factors of 19867482?
2, 3, 1103749
What are the prime factors of 17707357?
43, 411799
What are the prime factors of 645942?
2, 3, 11, 9787
List the prime factors of 12278699.
1297, 9467
List the prime factors of 281927.
281927
List the prime factors of 337184.
2, 41, 257
What are the prime factors of 523807?
31, 61, 277
List the prime factors of 731027.
11, 66457
List the prime factors of 4257753.
3, 1419251
List the prime factors of 352031.
29, 61, 199
What are the prime factors of 5950187?
17, 83, 4217
List the prime factors of 289312.
2, 9041
List the prime factors of 138008.
2, 13, 1327
List the prime factors of 142251.
3, 47417
List the prime factors of 5434831.
23, 236297
List the prime factors of 187720.
2, 5, 13, 19
List the prime factors of 3446246.
2, 1063, 1621
List the prime factors of 2251364.
2, 562841
List the prime factors of 585120.
2, 3, 5, 23, 53
What are the prime factors of 60392?
2, 7549
What are the prime factors of 348167?
421, 827
What are the prime factors of 266985?
3, 5, 17, 349
What are the prime factors of 183301?
183301
What are the prime factors of 928020?
2, 3, 5, 15467
What are the prime factors of 192270?
2, 3, 5, 13, 17, 29
What are the prime factors of 97005?
3, 5, 29, 223
List the prime factors of 5555033.
11, 349, 1447
List the prime factors of 2458833.
3, 13, 67, 941
List the prime factors of 838852.
2, 7, 29959
What are the prime factors of 312758?
2, 353, 443
What are the prime factors of 807287?
13, 62099
List the prime factors of 647725.
5, 13, 1993
What are the prime factors of 318093?
3, 106031
List the prime factors of 873551.
7, 124793
What are the prime factors of 5400948?
2, 3, 7, 113, 569
List the prime factors of 549234.
2, 3, 7, 1453
What are the prime factors of 3425930?
2, 5, 342593
What are the prime factors of 1047663?
3, 59, 1973
List the prime factors of 256407.
3, 85469
List the prime factors of 25275890.
2, 5, 19, 151, 881
What are the prime factors of 3011632?
2, 13, 14479
What are the prime factors of 461163?
3, 347, 443
What are the prime factors of 185388?
2, 3, 7, 2207
What are the prime factors of 20693725?
5, 13, 41, 1553
What are the prime factors of 293349?
3, 7, 61, 229
List the prime factors of 1097612.
2, 274403
What are the prime factors of 6768612?
2, 3, 188017
What are the prime factors of 28168603?
229, 123007
List the prime factors of 3721414.
2, 1860707
List the prime factors of 60011.
7, 8573
List the prime factors of 1924949.
13, 148073
What are the prime factors of 1009027?
37, 27271
What are the prime factors of 873659?
873659
What are the prime factors of 724208?
2, 45263
List the prime factors of 1232794.
2, 167, 3691
What are the prime factors of 307518?
2, 3, 107, 479
What are the prime factors of 91970?
2, 5, 17, 541
List the prime factors of 1851859.
1851859
List the prime factors of 441052.
2, 71, 1553
What are the prime factors of 840776?
2, 105097
List the prime factors of 16954557.
3, 5651519
What are the prime factors of 2442210?
2, 3, 5, 127, 641
What are the prime factors of 80203?
139, 577
List the prime factors of 1871078.
2, 11, 85049
List the prime factors of 1289624.
2, 7, 23029
List the prime factors of 12181442.
2, 7, 13, 66931
What are the prime factors of 526856?
2, 11, 5987
What are the prime factors of 3279666?
2, 3, 13, 19, 2213
What are the prime factors of 1892041?
307, 6163
What are the prime factors of 273049?
7, 19, 2053
What are the prime factors of 395319?
3, 313, 421
List the prime factors of 23035901.
7, 17, 59, 193
List the prime factors of 2243438.
2, 41, 109, 251
What are the prime factors of 270142?
2, 19, 7109
What are the prime factors of 732303?
3, 11, 13, 569
List the prime factors of 156935.
5, 31387
What are the prime factors of 22751976?
2, 3, 13, 72923
What are the prime factors of 3653773?
521, 7013
List the prime factors of 46745.
5, 9349
List the prime factors of 847775.
5, 33911
What are the prime factors of 1072634?
2, 47, 11411
What are the prime factors of 4413805?
5, 11, 80251
List the prime factors of 1890142.
2, 97, 9743
List the prime factors of 498179.
11, 45289
What are the prime factors of 169794?
2, 3, 9433
What are the prime factors of 18786439?
7, 2683777
List the prime factors of 1994933.
17, 239, 491
What are the prime factors of 533339?
29, 53, 347
List the prime factors of 944986.
2, 7, 67499
List the prime factors of 221136.
2, 3, 17, 271
What are the prime factors of 1512987?
3, 7, 72047
List the prime factors of 437237.
437237
List the prime factors of 10383.
3, 3461
List the prime factors of 35549.
19, 1871
What are the prime factors of 1608474?
2, 3, 7, 5471
List the prime factors of 794937.
3, 11, 13, 17, 109
List the prime factors of 18162699.
3, 659, 9187
List the prime factors of 1065803.
83, 12841
What are the prime factors of 1160599?
11, 105509
What are the prime factors of 21354052?
2, 401, 13313
List the prime factors of 3775544.
2, 471943
What are the prime factors of 4483263?
3, 1494421